 Calculate the remainder when 0 + -3*268/l is divided by y.
13
Suppose 0 = 13*a + 26 - 910. What is the remainder when a is divided by 10?
8
Suppose -35 = -2*h - 5. Calculate the remainder when 98 is divided by h.
8
Suppose 5*d = -i + 4, 4*i - 2 = -d - 5. Suppose m - 10 = -d. Let w(n) = n**2 - 3*n - 1. What is the remainder when w(6) is divided by m?
8
Suppose 2*c + 0*c - 14 = 0. Let s(u) = -6*u - 17. What is the remainder when s(-5) is divided by c?
6
Let x be 2/11 - (-11339)/253. Suppose 0 = -h + 2*r + 49, h - 8*r + 4*r - x = 0. Calculate the remainder when h is divided by 18.
17
Suppose -4*m - 31 = 5*x, 0*x = -4*x - m - 16. Calculate the remainder when (150/8)/(x/(-8)) is divided by 18.
14
Let x be (9/(-24)*-2)/((-2)/(-16)). Calculate the remainder when 34 is divided by x/15 - (-180)/50.
2
Let i(a) = 2*a**3 - 6*a**2 + 8*a - 7. What is the remainder when 32 is divided by i(3)?
15
Let x = -34 + 37. Suppose x*v - 52 = -4*f - 0*v, 0 = 3*f + 4*v - 39. What is the remainder when f is divided by 5?
3
Suppose -37*d + 2993 = -1225. What is the remainder when 132 is divided by d?
18
Suppose -14*n + 176 = 8. Calculate the remainder when 21 is divided by n.
9
What is the remainder when (98/4)/(3 - 51/18) is divided by 47?
6
Let g = 0 + 0. Suppose -2*t - 4*c + 72 = 0, 180 = 4*t - c - g*c. What is the remainder when t is divided by -5 - -6 - (-42)/3?
14
Let v(n) = 27*n**2 + n. Suppose -3*z + 2 = -5*f, -5*z - f = -0*z + 6. What is the remainder when 128 is divided by v(z)?
24
Let d(g) = g**2 + 23*g - 23. Calculate the remainder when 1916 is divided by d(-25).
26
Let y = -37 + 89. Suppose 3*v = 5*v - y. What is the remainder when 103 is divided by v?
25
Let o(c) = 2*c**3 - 3*c**2 - 6*c + 5. Let n be o(5). Suppose 2*r - n = -0*r. What is the remainder when r is divided by 2*-2*(-38)/8?
18
Let v(a) = -a**2 + 42*a - 44. What is the remainder when v(27) is divided by 26?
23
What is the remainder when 111 is divided by (-243)/(-6) - 1 - 27/54?
33
Suppose -22*h + 219 = -331. What is the remainder when 34 is divided by h?
9
Suppose 223 - 799 = -12*a. What is the remainder when 127 is divided by a?
31
Let x = 130 - 39. Calculate the remainder when x is divided by -92*(-8)/(-224)*-7.
22
What is the remainder when (-2)/((84/(-531))/14) is divided by 37?
29
Suppose 2*h - 4 = 0, -5*x + h + 799 = 62721. Let u be x/(-270) + 4/30. Let v = u + -30. What is the remainder when v is divided by 9?
7
Let x(u) = 7*u - 3 + 0 + 0*u - 20*u. Calculate the remainder when 69 is divided by x(-1).
9
Let r be (-12)/20 + (-6)/(-10). Suppose -d - 2*x + 23 = 3, x - 3 = r. Suppose 0 = -4*w, -w - d = -3*u + 2*u. Calculate the remainder when 55 is divided by u.
13
Suppose 0 = -i - 5*o + 29, 5*i + 5*o = 8*i - 87. What is the remainder when i is divided by 24?
5
Suppose 18*s + 3*d - 198 = 17*s, 5*s = -d + 1018. Calculate the remainder when s is divided by 42.
36
Suppose 93 = -0*v + 3*v. Let s(q) be the third derivative of 7*q**5/30 - q**4/24 - q**3/3 - 18*q**2. What is the remainder when s(3) is divided by v?
28
Let b(l) = 5*l - 2. Let w be 5/(15/(-6))*-1. Suppose -4*x + 63 = 5*v - 32, 51 = 2*v - x. Calculate the remainder when v is divided by b(w).
7
Suppose -24 = -t + 5*v, -4*v = 2*t - 0*t - 20. What is the remainder when 222 is divided by t?
12
Let x(h) = h**3 - 5*h**2 + 5*h - 2. Let b be 4750/(-30) + (-2)/3. Let q = b - -248. Calculate the remainder when q is divided by x(5).
20
Let x = -10 + 12. Suppose -24 = -x*w + 102. Suppose 4*l - l = w. Calculate the remainder when 41 is divided by l.
20
Suppose -5*q - 4*v + 22 + 18 = 0, -3*q = 5*v - 37. Suppose -q*x = -2*x - 52. What is the remainder when 75 is divided by x?
23
Let k(p) = 29*p**2 + 2*p + 1. Let h = -6 - -17. Suppose 410 = h*a - 6*a. What is the remainder when a is divided by k(-1)?
26
Let z = -5 + 7. Let p = -1 - z. What is the remainder when 13 is divided by p - 1*(-8 + 0)?
3
Suppose -q + 3*p + 53 = -6*q, -4*p = -16. What is the remainder when 31 is divided by -36*(q/3 + 4)?
7
Suppose i - 5*y - 52 = -2*i, 0 = i - 3*y - 24. Let s(u) = -u**3 + 8*u**2 + 10*u - 2. Calculate the remainder when 209/i + (-4)/18 is divided by s(9).
2
Let z be (93/(-3) + -3)*(-3 - -2). Suppose -11*f + 13*f = z. Calculate the remainder when 84 is divided by f.
16
Suppose -59*r = -66*r + 497. Calculate the remainder when r is divided by 24.
23
What is the remainder when (-7)/(-2)*(-2760)/(-210) is divided by 34?
12
Let g(s) = -3*s**2 + 46*s - 32. Calculate the remainder when g(11) is divided by 8.
7
Let a be 712/56 - (-4)/14. Let m = -10 + a. Suppose 0 = r - m*r + 94. What is the remainder when r is divided by 12?
11
Let t be (-265)/30 + 4/(-24). Calculate the remainder when 193 is divided by 0 + 54 - (t - -14).
46
Calculate the remainder when 42/(-105) - 254/(-10) is divided by 16.
9
Let k = -32 - -22. Let s = 25 + k. Let i = 24 - s. What is the remainder when 17 is divided by i?
8
Let c = 22 - 28. Let x(h) = 2*h**2 + 12*h + 3. Let k be x(c). What is the remainder when 37 is divided by 12 - ((2 - 1) + k)?
5
Let m(c) = 37*c - 227. Calculate the remainder when m(8) is divided by 25.
19
Let w = 0 - -1. Let n(b) = -38*b**2 - 14. Let k(v) = -13*v**2 - 5. Let h(l) = 17*k(l) - 6*n(l). Calculate the remainder when 17 is divided by h(w).
5
Calculate the remainder when 79 is divided by ((-119)/(-102))/7 + 89/6.
4
Let n(m) = m**3 + 15*m**2 - 873*m - 6. Let d(i) = 61*i - 1. Calculate the remainder when d(1) is divided by n(23).
9
Let c = -926 + 974. What is the remainder when c is divided by 30?
18
Let h = 55 - 28. Suppose -4*m = 4*s - 490 + 58, -m = 2*s - 211. Calculate the remainder when s is divided by h.
22
Let s be (-2 - -3)/((-10)/(-130)). Suppose 6*b + 91 = s*b. What is the remainder when 86 is divided by b?
8
Calculate the remainder when 639 is divided by (-4433)/(-55) + 3/(-5).
79
Suppose s + 4*f - 15 = 15, 0 = -2*s + 5*f + 34. Suppose 5*p - 6*p + 6 = 0. Calculate the remainder when s is divided by p.
4
Suppose -3*t + 265 = 2*o, -431 = -5*t - 0*t + 2*o. What is the remainder when t is divided by 16?
7
Let z = -21 - -30. Let g = 11 - z. Suppose 0 = -g*q + q + 14. Calculate the remainder when 40 is divided by q.
12
Let v(x) = 10*x + 156. What is the remainder when v(-14) is divided by 9?
7
Suppose 0 = 3*c - 2*u - 61, -128*c + 3*u + 11 = -127*c. Calculate the remainder when 1398 is divided by c.
18
Let r = 74 + -135. Let h = 101 + r. Calculate the remainder when h is divided by 22.
18
Calculate the remainder when (-249)/(4/12*-9) is divided by 31.
21
Let t be (-22)/3*(-33)/2. Suppose t = -v - 89. What is the remainder when 39 is divided by (4/6)/((-10)/v)?
11
Let y(v) = -v**2 - 29*v - 101. What is the remainder when y(-15) is divided by 16?
13
Suppose -4*r + 1 + 35 = 0. Suppose a - 4*x + 16 = -r*x, -2*a + x + 23 = 0. Calculate the remainder when 33 is divided by a.
6
What is the remainder when (-1)/(-1) - (-20 + 1720/(-2)) is divided by 21?
20
Suppose 4*n - w + 1 = n, 4*w = -n + 4. Let a(i) = i**3 + 99. Calculate the remainder when a(n) is divided by 20.
19
Let g = -89 + 229. Let x = -105 + g. Suppose -5*u - 2*w = w - 50, 3*u - 64 = 5*w. Calculate the remainder when x is divided by u.
9
Let u = 636 - 608. What is the remainder when 665 is divided by u?
21
Let m(y) = -4*y - 20. Let x be m(-15). Suppose -x + 12 = -7*b. Let d(u) = -u**3 + 4*u**2 + 5*u - 6. What is the remainder when 55 is divided by d(b)?
13
Let h(o) = o + 69. Suppose 2*w - w = 27. What is the remainder when h(9) is divided by w?
24
Suppose 48 = 7*x - 4*x. Let r = x + -10. Suppose -3*h - 84 = -r*h. What is the remainder when 83 is divided by h?
27
Suppose 38*t - 48*t + 620 = 0. What is the remainder when 181 is divided by t?
57
Let n(o) = -o**3 + 5*o**2 + 35*o + 19. Let c(z) = z**2 - z + 7. What is the remainder when c(5) is divided by n(9)?
7
What is the remainder when 143 is divided by (15/(-5)*(-116)/6)/2?
27
Let i(n) = n**3 - 9*n**2 - 6*n - 11. Let j = -10 + 15. Suppose -j + 13 = s. What is the remainder when i(10) is divided by s?
5
Let u(l) = 3*l**3 + l + 1. Let i be u(-1). Let v(o) = 2*o**2 + o + 2. Calculate the remainder when 50 is divided by v(i).
16
Let n = -8 - -11. Suppose 4*h = n*a - 14, -a + 2*h + 9 = 5*h. What is the remainder when ((-110)/3)/(a/(-9)) is divided by 19?
17
Let r = 